prime factors of h/(-4)*32/(-12)?
2, 3
Suppose -3*l - 10 = -8*l. Suppose l*r - 7*r + 4*z = -10, 5*r + 20 = -2*z. Let s = 0 - r. List the prime factors of s.
2
Let h(f) = 2*f**2 - 7*f - 4. List the prime factors of h(6).
2, 13
Let g(h) = -4*h**3 + 4*h**2 - 3*h - 2. Let x be g(3). Let a = -54 - x. What are the prime factors of a?
29
What are the prime factors of (-4 + -2)/((-18)/192)?
2
Let b(d) = d**3 - d**2 - 11. Let f be b(0). Let c = f + 21. Suppose 3*t - c = 5. List the prime factors of t.
5
Let a be 1/(-2)*1*-36. What are the prime factors of (6/a)/(1/24)?
2
Let i(x) = -x - 4. Let q be i(-8). Suppose -a + q*a = 24. List the prime factors of a.
2
Let i = 46 + 88. List the prime factors of i.
2, 67
Suppose -2*g = 2*z - 2 + 8, -3 = -z + 5*g. Let f = z - -16. List the prime factors of f.
2, 7
Suppose -33*f + 560 = -28*f. List the prime factors of f.
2, 7
Let c = 11 + -5. Let o = 20 - c. List the prime factors of o.
2, 7
Let f(g) = 2*g + 9. Let h be f(-6). Let t = h - -8. Let y = t + 0. List the prime factors of y.
5
Let v be 2 + 7/((-21)/6). Suppose z + 0*z - 19 = v. List the prime factors of z.
19
Let q(k) = -k**3 + 16*k**2 - 25*k + 11. What are the prime factors of q(10)?
19
Let h(i) = -i**2 + 20. Let s = -2 + 2. Let n be h(s). Suppose 0*u = -5*u + n. What are the prime factors of u?
2
Let j(q) = -27*q - 2. What are the prime factors of j(-2)?
2, 13
Suppose -5*h = -0*x - 3*x - 154, -3*x = 2*h - 70. List the prime factors of h.
2
Let g = 68 + -31. What are the prime factors of g?
37
Suppose 5*m = 412 - 112. Suppose -q + m = 3*q. What are the prime factors of q?
3, 5
Let r be (2/4)/((-1)/6). Let o(c) = 2*c**2 + c - 1. What are the prime factors of o(r)?
2, 7
Suppose g - 174 = -y - g, 2*y + g = 345. Suppose 3*n + n - y = 0. Let x = -23 + n. What are the prime factors of x?
2, 5
Suppose 0 = -2*z + 2 + 4. Suppose -z*m + 22 = 1. List the prime factors of m.
7
Let i(u) be the third derivative of 7*u**4/12 - 2*u**2. Let f(c) = c**2 + 5*c + 1. Let s be f(-5). What are the prime factors of i(s)?
2, 7
Let o be (9 - 0)*4/12. Let w = 10 - o. List the prime factors of w.
7
Suppose 2*h - 10 = -2*k, -2*k + 36 + 1 = 5*h. Suppose h*n - 14*n = -180. List the prime factors of n.
2, 3
Suppose 3*n + s = 4*n + 21, 0 = 3*s - 9. Let a = -4 - n. What are the prime factors of 52/a + (-2)/(-7)?
2
What are the prime factors of -2 + -3 + (-18)/(-2)?
2
Let g be 2*(-1 + 3/(-6)). Let b = g - -5. Suppose -3*i - b*p = -43, 20 - 82 = -4*i - 5*p. What are the prime factors of i?
13
Suppose 5*g = -12 + 27. Suppose -2*d = -g*k + 139 - 48, -4*d + 4 = 0. Suppose u - 34 = -3*r - 6, 0 = 4*r - 5*u - k. What are the prime factors of r?
3
Let s be ((-12)/10)/(12/40). Let o(v) = -14*v - 2. Let j be o(s). Suppose -5*q + 19 = -5*w + j, 4 = 4*w + 2*q. List the prime factors of w.
3
Suppose 0 = -6*d + 15 + 123. Suppose x - d = 3*i, -3*i + 13 = x - i. List the prime factors of x.
17
List the prime factors of 801/12*24/18.
89
Let v be 1/4 - (-7)/(-28). Suppose -5*a + 5*m - m + 7 = v, 6 = 3*m. Suppose a*o - 75 = -2*o. What are the prime factors of o?
3, 5
Suppose -2*a - 3*s + 3 = -6*s, -3*s = -a + 3. Suppose -b = -a*b + 16. Let i = 30 + b. What are the prime factors of i?
2, 7
Let t(o) = 2*o**2 - 9*o + 23. What are the prime factors of t(10)?
7, 19
What are the prime factors of 8/(-6)*-3 - 0?
2
Let s be -1 + (-15)/(-3) + -1. Suppose 0 = s*i - 182 - 70. Suppose 5*v = -x + i, 2*x + 1 = -1. What are the prime factors of v?
17
Suppose p = 2*p. Suppose p = l - 6 - 10. List the prime factors of l.
2
What are the prime factors of (-3 + -9)*(-25)/20?
3, 5
Let m = 12 - 10. List the prime factors of (-12)/(1/m + -1).
2, 3
Let g(t) = t**3 + 14*t**2 - 4*t - 4. What are the prime factors of g(-14)?
2, 13
What are the prime factors of (23/(-2))/(12/(-8) + 1)?
23
Let f(i) = -4*i - 1. Let y(s) = s - 10. Let o be y(7). What are the prime factors of f(o)?
11
Let l = 4 - 3. Let w be l*(0 + 18*-1). List the prime factors of (-1)/3 - 78/w.
2
Let z = 30 + -18. What are the prime factors of z?
2, 3
Suppose -2*o - 4*i = 4, -4*o - 2*i - 20 = -6*o. List the prime factors of o/8*4 + 2.
5
Let s = -2 + 1. Let n(v) be the third derivative of -v**4/12 + v**3/6 - 7*v**2. What are the prime factors of n(s)?
3
Suppose 0 = j - 5*u + 30, j + 4*j + 4*u + 5 = 0. Let m(h) = h**3 + 5*h**2 - 3*h. List the prime factors of m(j).
3, 5
Suppose -p + 153 = 65. List the prime factors of p.
2, 11
Let k(w) = w**3 + 10*w**2 + 9*w + 2. Let g be k(-9). Suppose 2*v + 0*v - g = 0. What are the prime factors of 1/v + 4 + -3?
2
Let b = -1 - -3. Let c be -27 - (3 - (b + 0)). List the prime factors of (-2)/(-7) + (-300)/c.
11
Let a = 5 - 5. Suppose a = 4*q - 2*k - 28, -q - 4*k = -k - 21. What are the prime factors of q?
3
Let k be 3/((-9)/(-3)) - -1. Suppose 3*t + 0*t + 37 = 5*m, k*m = 10. List the prime factors of (8/6)/(t/(-30)).
2, 5
Suppose -5*h - 2*g + 817 = 0, 6*h = 2*h + 4*g + 676. What are the prime factors of h?
3, 5, 11
Suppose -2 = -u + 2*a, -4*a = -0*u + 4*u + 4. List the prime factors of 2/6*(51 - u).
17
Suppose 7*b - 4*b - 57 = 0. What are the prime factors of b?
19
Suppose 2*s + s - v - 12 = 0, -5*s + 22 = -v. Suppose -3*y - 3*n = -39, 33 = s*y - n - 26. List the prime factors of y.
2, 3
List the prime factors of 3 + -1 + -2 + (151 - 1).
2, 3, 5
Suppose 0 = -3*u + 10 + 8. Let s(o) = o**2 + o + 4. List the prime factors of s(u).
2, 23
Let w(v) be the first derivative of v**2/2 + v + 1. Suppose 4*u + r - 6 = 0, 0 = -2*u - 0*r + r. List the prime factors of w(u).
2
Let j(z) = -3*z - 10 + 0*z + z. Let l(i) = -i**2 + 5*i - 7. Let h be l(5). What are the prime factors of j(h)?
2
Suppose 658 = -2*v + 9*v. List the prime factors of v.
2, 47
Suppose 1 = -2*l + 6*t - t, -2*t = 5*l - 70. List the prime factors of l.
2, 3
Suppose 3 = 2*q + 3*b, 0 = -2*q + 3*b - 3 + 12. Let k = 28 + q. Let j = k - 17. What are the prime factors of j?
2, 7
Suppose 2*o + 0 - 10 = 0. Suppose 5*v - o*k - 5 = 0, -4*v + 4 + 24 = 2*k. Let c = v - -17. What are the prime factors of c?
2, 11
Suppose -4 + 1 = o. Let t = o + 5. What are the prime factors of t?
2
Let m(w) = 5*w - 5. Let v = -7 + 11. List the prime factors of m(v).
3, 5
Let z be 6/15 + (-114)/(-15). What are the prime factors of (-1)/(-3 - z/(-3))?
3
Let x(g) be the second derivative of 3/2*g**2 + 1/20*g**5 - 5/12*g**4 + 0 + 0*g**3 + 2*g. What are the prime factors of x(5)?
3
List the prime factors of -3 + 3/(-3) + 37.
3, 11
Let y(n) be the first derivative of n**4/4 - n**3 + 2*n**2 + 1. Let h be y(3). Let a = h + -6. List the prime factors of a.
2, 3
Let t(j) = j - 12. Let u be t(6). List the prime factors of (-7)/21 - 26/u.
2
Suppose -4*c = -3*c. Suppose -4 = -2*z - c*z. List the prime factors of z.
2
Let n(m) = 31*m + 2. Let c be n(2). What are the prime factors of ((-9)/6)/((-6)/c)?
2
Let c = 438 + -164. List the prime factors of c.
2, 137
Let q(a) = -a**2 - 4*a - 3. Let y be q(-4). Let n be 9*(0 - y) - -1. What are the prime factors of (-98)/(-8) - 7/n?
2, 3
Let k = 816 + -441. What are the prime factors of k?
3, 5
Let p = 15 - 9. Let t be ((-8)/p)/(4/132). Let f = -30 - t. List the prime factors of f.
2, 7
Suppose -r + 5*r - 12 = 0. Let w = r - -6. List the prime factors of w.
3
Let t = 622 - 400. What are the prime factors of t?
2, 3, 37
Suppose -37*k = -39*k + 102. What are the prime factors of k?
3, 17
Let b(h) = h - 6. Suppose 4*m + 4*a - 11 - 29 = 0, -3*m + 5*a + 22 = 0. List the prime factors of b(m).
3
Suppose -2*d + 3*q = -18, 5*d + 3*q = 3 + 21. Let g(a) = -a**2 + 9*a - 7. List the prime factors of g(d).
11
Suppose 1 = -5*h + 16. Let k = 1 + h. List the prime factors of k.
2
Let g = 39 + -21. Let t = -42 + 44. Let w = g - t. What are the prime factors of w?
2
Let t = 7 + -4. Let f(x) = 2 + 2 - 6 - t - x. List the prime factors of f(-8).
3
Suppose -12 = 4*q, 2*b = -b - q + 9. Suppose -5*n = 3*c + 2, -5*c - n + 42 = -b*n. What are the prime factors of c?
2, 3
Let x = -33 - -63. Let j = x + -18. What are the prime factors of j?
2, 3
Let d = -240 + 433. What are the prime factors of d?
193
Suppose -3*c + 240 = 3*s, 0*s = 2*s - 2*c - 172. What are the prime factors of s?
83
Suppose -k = -3*u + 4*u + 8, 3*u = 3*k + 48. Suppose -3*w + 88 = w. Let f = w + k. List the prime factors of f.
2, 5
Suppose 